4. Let v be ((-2)/(-6))/(1/(4 - u)). Suppose -4*g = -v - 10. Let k(t) = -3*t. What is k(g)?
-18
Suppose 13 - 178 = -15*s. Suppose s*j - 12 = 13*j. Let q(t) = -t - 3. What is q(j)?
3
Let l(h) = -h + 10. Let f(v) = v - 8. Suppose 0 = -6*j - 39 + 9. Let q(c) = j*f(c) - 4*l(c). Suppose 4*y - 2*i + 2 = 0, 0*y - y - 3 = -i. Give q(y).
-2
Let q be (298 + -6 + -1 + 5)/(-1). Let t = q - -304. Let d(c) = -c**2 + 7*c + 7. What is d(t)?
-1
Let o(k) = k**2 + 4*k - 2. Suppose -655 = -11*s + 16*s. Let r = -136 - s. What is o(r)?
3
Let k(c) = 4*c**3 - 7*c**2 - 5*c - 17. Let z(d) = 23*d**3 - 41*d**2 - 29*d - 99. Let x(p) = -17*k(p) + 3*z(p). Calculate x(5).
7
Let c(b) be the second derivative of -2*b**4/3 + 5*b**3/6 - b**2 + 125*b + 10. Determine c(-3).
-89
Let n(u) = -8*u + 5. Let a be (3 - (-14)/(-4))/(1*1/(-14)). What is n(a)?
-51
Let a(c) = -c**2 - 7*c + 6. Let r(i) = 2*i**2 + 36*i - 7. Suppose 3*h - 157 + 211 = 0. Let m be r(h). Calculate a(m).
6
Let s(v) be the first derivative of v**2/2 + 17*v + 27824. Suppose u + 54 = -2*u. Determine s(u).
-1
Let d(m) = -m**3 + m**2 + 2*m + 24. Let z(k) = 7*k**3 - 8*k - 141. Let b(q) = 6*d(q) + z(q). Calculate b(-2).
11
Let n = 32852 + -197111/6. Let m(b) be the second derivative of 0 - 9*b**2 - 16*b - n*b**3. Determine m(0).
-18
Let r = 195 - 243. Let i = 48 + r. Let x(p) = -p**2 + 2*p + 6. What is x(i)?
6
Suppose 0 = -30*v + 9*v + 105. Let n(c) = 1 + 2 + 2*c + 3 + v - 3*c. What is n(6)?
5
Let r(v) = -2*v - 3. Let b(s) = -20*s. Let h be b(-2). Suppose -51 = -2*x + 25. Let z = x - h. Give r(z).
1
Let a(f) be the first derivative of -f**4/4 - 8*f**3 + 53*f**2/2 + 37*f + 593. What is a(-26)?
11
Let r(p) = -3*p - 2. Suppose 16 = -2*n + 2*m, -3*n + m + 15 - 41 = 0. Calculate r(n).
25
Let u(i) be the first derivative of i**7/420 + i**6/360 + i**5/120 + 50*i**3/3 - 44. Let b(n) be the third derivative of u(n). Give b(-1).
-2
Let a(l) = -5*l + 23*l + 18 + 64*l**2 - 57*l**2 - 2 - l**3 - 22*l. Calculate a(7).
-12
Let y(h) be the second derivative of h**4/3 + 5*h**3/6 - 7*h**2/2 + 3181*h. Calculate y(2).
19
Let o(p) = -p**3 + 13*p**2 + 4. Let j be 5 + -7 + 520 + -2. Suppose -477 + j = 3*x. Give o(x).
4
Let q(f) be the first derivative of 68 - 1/4*f**4 + 2*f**3 + 2*f + 3*f**2. Determine q(7).
-5
Suppose -5*l - 128 = -2*h - 0*l, 3*h + 4*l - 238 = 0. Let n(f) = -5*f - 75 + h + 13*f. What is n(3)?
23
Let u be 3 - (-2 - -3)*0. Let x(n) = 0*n + 4 + n**3 - u*n + 6*n + 4*n**2. Suppose -4*t - 4*a + 22 = 34, 0 = 4*t - 2*a + 12. Give x(t).
4
Let a(x) be the second derivative of -x**5/20 - 5*x**4/12 + x**3/2 + 19*x**2/2 - 82*x. What is a(-5)?
4
Let o(h) = 4*h**3 + h**2 + h - 1. Suppose 5*i - 22 = 3*i. Suppose 5*c - r = -i, -4*r + 24 = 5*c + 55. Let l be 44/52 + c*2/(-39). Calculate o(l).
5
Let y(m) be the third derivative of 1/60*m**5 - 2*m**2 + 0 + 1/6*m**4 + 37*m - 1/6*m**3. Suppose 2*l + 16 = -2*l. What is y(l)?
-1
Let s(o) = o - o**3 + o**3 + 7 + o**2 - 4*o**3 + o**3 - 3. Give s(-2).
30
Let m(p) = p**2 - 5*p + 2. Let r be m(5). Let j(d) = 0*d + d - r + 5. Let l be ((-155)/93 + 4)/((-2)/6). Give j(l).
-4
Let u = 1533 - 1526. Let i(d) = -2*d**3 + 16*d**2 - 13*d + 12. Calculate i(u).
19
Let c = 81 + -81. Suppose x - 31 + 26 = c. Let v(u) be the third derivative of u**5/60 - 7*u**4/24 + 7*u**3/6 - 3*u**2. Calculate v(x).
-3
Let s(q) = -q**3 + 15*q**2 - 18*q + 60. Let a be s(14). Let p(k) = -3 + 2*k - 3 + 3 + k - a*k. Give p(-8).
5
Let w(d) be the first derivative of 95 + 2*d**2 - 2*d**3 + 3*d - 1/4*d**4. Give w(-6).
-21
Let u = -6 - -5. Let l(g) = -g + 9. Let o(z) = -1. Let m(p) = u*l(p) - 6*o(p). Suppose -2591*x + 2593*x = 12. What is m(x)?
3
Let n = -114 - -92. Let x be n*(2/(-4) - -1). Let r(t) = -t**2 - 10*t + 13. What is r(x)?
2
Let c(i) = i**2 + i - 5. Let f(d) = -d**2 - 2*d + 6. Let m(s) = -6*c(s) - 5*f(s). Let h = -68 + 74. Let a be h/(-9) + (-42)/(-9). Give m(a).
0
Suppose -14 = -2*m + 2*z, 7*m + z = 2*m + 5. Let t(a) be the second derivative of -a**2 + 1/12*a**4 + 1/6*a**3 + 0 + 296*a. Determine t(m).
4
Let h(p) = p**3 - 9*p**2 - 3. Suppose 210 + 20 = 5*v. Suppose 6*a + v = 100. Give h(a).
-3
Let v(h) = -3*h + 3. Suppose -2*i - 103 = 3*u + 364, -3*i + 15 = 0. Let y = u - -81. Let b = 74 + y. Determine v(b).
15
Let l = -145 - -159. Let r(q) = 28*q - 1 - 17*q - l*q + 9. What is r(-7)?
29
Let m(h) be the first derivative of -h**3/3 - h**2/2 + 7*h - 1063. Give m(4).
-13
Let t(i) = -10*i**2 - i + 1. Suppose 22*q = 2*q + 10500. Suppose 519*n = q*n - 6. Calculate t(n).
-10
Let v(i) = i**3 + 30*i**2 + 106*i - 6. Let t be v(-25). Let y = t - 465. Let x(a) = -10*a + 2. Determine x(y).
-38
Let b(h) = 3 + 22*h + 9 + 1 + 2*h**2 - 1 + 17. What is b(-9)?
-7
Let q(t) = t**2 - 4*t - 3. Let a be q(5). Let d(f) = 7*f**2 - 3*f**a - 3*f**2 + 3 + 3*f - 2. Suppose -h + 6*h + 20 = 0. Determine d(h).
5
Let u(v) = -v**3 + 45*v**2 + 49*v - 149. Let o = -10133 - -10179. Determine u(o).
-11
Suppose 0 = 8*t + 22*t - 60. Let p(m) = -3 + 8*m**t + 0 + 7*m**2 - 13*m**2 - 3*m. What is p(5)?
32
Let q = 19 + -10. Let p(v) = v - 7 + q + 1. Determine p(-10).
-7
Let t(h) = -h**2 + 3*h - 2. Suppose -55*b - 91 = -54*b. Let a be 2*(-4 - b/14). What is t(a)?
-12
Let q(o) = -3*o - 34. Let r(j) = -2*j**2 + 9*j + 100. Let h be r(10). What is q(h)?
-4
Suppose 5*l - 2 = 4*k, -135 = -4*l - k - 146. Let o(a) = -37*a - 62. Give o(l).
12
Let f(d) = -d**2 + 7*d - 4. Let m be f(6). Let q(x) = -45*x - 627. Let g be q(-14). Let t(j) = m*j**2 + g*j**2 - 6*j**2 - j + 3. Calculate t(3).
-9
Let n(k) be the third derivative of k**4/3 - 5*k**3/2 + 2*k**2 + 29. Give n(4).
17
Let s(b) = 4*b + 1. Suppose -17*m - 9193 = 12*m. Let g = 318 + m. What is s(g)?
5
Let j(k) be the first derivative of -k**2 + 14*k + 1059. Let b = 19 + -9. Determine j(b).
-6
Let p(g) = -15*g**2 - 7*g**2 + 5*g - 10*g**2 + 30*g**2 - 3. Let s(i) = -6*i - 33. Let l = -101 + 95. Let o be s(l). Determine p(o).
-6
Let f = -664 - -672. Let r(j) = -j**2 + 19*j - 24. What is r(f)?
64
Let m(y) = y**2 - 12*y - 14. Suppose 4*r - n - 3*n = -168, 3*r - n + 124 = 0. Let l be 94/(-141) + r/(-3). What is m(l)?
-1
Suppose 5*a + 2*f = 51, -27*a + 29*a + 2*f = 24. Let j(n) = -n**3 + 6*n**2 + 23*n + 29. Determine j(a).
-7
Let g be -4 + (7*(-7)/(-49))/(1/7). Let z(c) = -21*c - 6. What is z(g)?
-69
Let r(y) = 10*y + 210. Let h be r(-21). Let j(w) = -w**2 - w - 64. Give j(h).
-64
Let j(u) = -2*u**2 + 32*u - 23. Let v = 1391 - 1376. What is j(v)?
7
Let z = -11 + 3. Let c(d) = -d**3 - 9*d**2 - 13*d - 22. Let j be c(z). Let b(s) = -21*s - j*s + 40*s - 1. Calculate b(3).
2
Let y(c) be the third derivative of 17*c**5/120 + c**4/8 - c**3/6 + 200*c**2. Let l(x) be the first derivative of y(x). Determine l(3).
54
Suppose -5841 - 2509 = 835*j. Let t(f) be the third derivative of f**4/4 + 4*f**3/3 + f**2. Let s(u) = u - 1. Let l(a) = -4*s(a) + t(a). Give l(j).
-8
Let m(d) be the third derivative of -d**6/30 - 83*d**5/60 + 5*d**4/6 + 8*d**3/3 + 9442*d**2. Give m(-21).
37
Let d be 1*(-80)/48*12*1/2. Let w(z) = 3*z**2 + 32*z + 23. Determine w(d).
3
Let y(i) = i**2 + 9*i + 10. Let z be -2 + 6 + 16/(-8). Let m be -13 + z + 1 + 32/8. What is y(m)?
-8
Let f(j) = -131 + 71 - 22*j - 132. Let t be f(-9). Let n(r) = -3*r + 9. What is n(t)?
-9
Let s(b) be the third derivative of -b**4/8 + b**3 + b**2. Suppose -72 = -5*n - 62. Suppose 5*t - 4*x = -0*x + 46, 5*x = -n*t - 8. Determine s(t).
-12
Let d(z) = -z**3 + 11*z**2 + 18*z + 7. Suppose -296 - 23 = -11*p - 176. Give d(p).
-97
Let d(i) = -4*i + 51*i - 7*i**2 - 8 - 50*i - 4*i - i**3. Let u be 3 + 1/((-2)/(-6)). Let g = u + -12. What is d(g)?
-2
Let w(y) = -7*y**3 - 2*y + 1. Suppose 6 = o + h, -2*o + 3*o - 4*h = -19. Let j be w(o). Let d(t) = -t**3 - 8*t**2 - 2*t - 2. Calculate d(j).
14
Let w be 1/(-9 - (-1534)/169). Let o(f) = -f**2 + 14*f + 13. Calculate o(w).
26
Let x(p) = -p**3 - 4*p**2 - p - 2. Let d be x(-4). Let h be 24/30 - (d/(-10) + 0). Let u(r) = -1 + h - r + 4 - 5. Determine u(4).
-5
Suppose -4*i + 13*c + 66 = 18*c, -4*c = i. Let r(a) = -3*a**2 + 70*a + 48. Give r(i).
0
Let p be (0 + 1)*(-150)/(-75). Let z(u) = 0 - 32*u + 7*u - p + 13*u + 10*u. Give z(-5).
8
Let o(z) = 35*z + 35. Let q(u) = -27*u - 34. Let c(m) = 4*o(m) + 5*q(m). Give c(6).
0
Let z(v) = 1 + 6 + 19*v - 4. Suppose -725 + 9 = 187*s - 155. 